 digit of q?
1
Suppose 2*s - 5*s = -15. Suppose 305 + 180 = s*k. Let i = 142 - k. What is the units digit of i?
5
Suppose -12*k = 5*k - 75*k + 887400. What is the ten thousands digit of k?
1
Let b(u) = -u**2 - 14*u + 35. Let w = -79 - -63. Let r be b(w). Suppose 3*d = -9, 2*d = -r*y - 2*d + 369. What is the tens digit of y?
2
Let l(j) = 15*j**2 + 18*j - 705. What is the hundreds digit of l(23)?
6
Let v be (-18)/6*(-14)/3. Suppose 2800 = v*y - 154. What is the units digit of y?
1
Let c(r) = 8*r + 108. Let t be c(-12). Suppose t*m = -m + 2886. What is the units digit of m?
2
Suppose 0 = 5*y - 3*n - 453, 3*n + 2*n = -3*y + 299. Let o = 93 - y. Suppose u - 550 = -5*h - o*u, 20 = -4*u. What is the hundreds digit of h?
1
Suppose -169*u - 1451780 = -5770913. What is the hundreds digit of u?
5
Suppose 8*j - 5*m = 9*j - 8740, 5*j = 4*m + 43729. What is the tens digit of j?
4
Let d = 8730 + -7946. What is the units digit of d?
4
Let f = 22977 - 15928. What is the thousands digit of f?
7
What is the tens digit of (-29)/((-1015)/16464)*(0 - -10)?
0
Suppose 628*u = 635*u - 107681. What is the ten thousands digit of u?
1
Let q(c) = 20*c**3 + 33*c**2 - 185*c + 12. What is the units digit of q(8)?
4
Suppose -y = 2*u - 2, -42*u - 2*y = -40*u - 6. What is the tens digit of u*4 + (-4347)/(-21)?
0
Let i be (3/(9/17769))/(12 - 11). Suppose -10*y + i = -2457. What is the hundreds digit of y?
8
Suppose -4*j + j - 26 = 5*i, j = 3. What is the units digit of ((-93)/6)/(i/14)?
1
Suppose 0 = -4*s + 167 + 101. Suppose -4*f - 4*m - 34 + 158 = 0, 2*f - s = 3*m. Suppose 0 = -2*c - f + 128. What is the units digit of c?
8
What is the hundreds digit of (-18)/(684/(-190))*(-18646)/(-5)?
6
Let m = -287 - -950. Let j = m - 1043. What is the units digit of (7 + 0/(-2))/((-76)/j)?
5
Let u = -275 - -279. Suppose -u*q = -31*q + 11988. What is the hundreds digit of q?
4
Suppose 27*n - 5616 = 6345. Let g = -234 + n. What is the hundreds digit of g?
2
Let u = -660 + 2637. Suppose 0 = -2*f + u + 659. What is the units digit of f?
8
Suppose -2*u - 4*b = -6*u + 37100, 4*b = -20. What is the thousands digit of u?
9
Suppose p = 34*a - 29*a + 20, -4*p - 16 = 4*a. Suppose p = -20*d + 14*d + 2628. What is the hundreds digit of d?
4
Suppose 87*z - 18*z - 1098618 = 0. What is the tens digit of z?
2
Let z(n) = 34 + 110*n + 3*n + 15*n - 36. Let i be z(5). What is the units digit of (i/(-30) - (-9)/15)*-12?
8
Let d = 77 + 294. Let m = 748 - d. What is the hundreds digit of m?
3
Suppose 0 = s + 4*s - 60. Let u be ((-52)/s)/((-2)/(-12)*-1). Suppose 180 - u = 2*n. What is the units digit of n?
7
Suppose -5*f = 144 - 129. What is the tens digit of (-6951)/(-35)*5*(f + 4)?
9
Let m(g) = -87 + 1 - 27*g + 38*g. What is the units digit of m(14)?
8
Suppose -2*u + 5 = 4*m - 7, 0 = -2*u. Suppose m*g - 3 = 12. Suppose -2*k + 118 = -5*b, -5*k + g*b = b - 312. What is the units digit of k?
4
Suppose 5*a - 4*r + 828 - 4721 = 0, -3*a + 2321 = 5*r. Let g = a + -510. What is the tens digit of g?
6
What is the units digit of (-1)/(7/(-249679)) - 1146/2674?
8
Let b = -152 + 155. Let n = b - -329. What is the tens digit of n?
3
Let c(n) = 59*n**2 - 2*n - 3. Let a(b) = 117*b**2 - 4*b - 7. Let u(m) = 4*a(m) - 9*c(m). Let h be u(1). Let w = h + 87. What is the tens digit of w?
2
Suppose 1 = 2*l + 7. Let c(d) = -d**2 - 7*d - 10. Let a be c(l). Suppose -295 = -3*b - a*r, 4*r + 477 = -2*b + 7*b. What is the units digit of b?
7
Suppose 3*o - k = 780, -1922 = -5*o + 5*k - 622. Let w = o + -97. What is the tens digit of w?
6
Suppose 4*o = 177 + 87. Let l(y) = -y**3 - y**2 + y + 2. Let b be l(-2). Suppose -b*a - o = h - 2*h, 0 = 5*h + 2*a - 418. What is the tens digit of h?
8
Let v(a) = a**3 - 8*a**2 + 7*a - 9. Let i be v(7). Let q = 15 + i. Suppose -z + 574 = q*z. What is the units digit of z?
2
Suppose 0 = -3*r - 3*a + 1743, -5*r + 5*a = -1943 - 942. Let y = r - -365. What is the tens digit of y?
4
Suppose -3*z - 2*p = -508, -2*z + 7*z + 5*p = 840. Suppose 5*q = 3*q - z. Let b = q - -318. What is the hundreds digit of b?
2
Let t = 189 - 514. Let h = 188 + t. Let o = h - -205. What is the tens digit of o?
6
Let f(v) = 3*v - 48. Let b be f(20). Suppose b*o = -7*o + 4427. What is the units digit of o?
3
Suppose -3*k = -43*k. What is the tens digit of (558 + k)/((-7)/((-112)/12))?
4
Let m(p) be the third derivative of p**6/120 - p**5/15 + 5*p**3 - 112*p**2. What is the units digit of m(7)?
7
Suppose -20913 = -22*t - 8176 + 415273. What is the hundreds digit of t?
4
Let n(b) = -3*b**3 - 43*b**2 + 4*b - 8. Let h be n(-15). What is the hundreds digit of (-86 + 70)*h/(-8)?
7
Let i = -1058 + 19116. What is the tens digit of i?
5
Suppose 2*w + 2*a - 446 = 0, -4*a = -2*w + 175 + 247. Suppose -2*t = 4, 0 = y + 2*t - w + 46. Suppose -y = -2*d - 9. What is the tens digit of d?
8
Suppose -16*n - 5*h + 96125 = -11*n, n - 19245 = 4*h. What is the hundreds digit of n?
2
Let s(o) = 2*o**2 - 55*o + 283. What is the units digit of s(107)?
6
Suppose 0 = -22*h + 28*h + 6. What is the tens digit of ((-5943)/35)/(h/5)?
4
Let u(s) = -s**3 - s**2. Let y(a) = a**2 + 2*a - 32. Let i(b) = u(b) - y(b). Suppose 0 = 32*n - 9*n + 26*n. What is the tens digit of i(n)?
3
Let w(z) = z**2 + 16*z + 4. Let c(n) = 4*n**2 - 2*n + 8. Let h be c(0). What is the tens digit of w(h)?
9
Suppose 2*f - 82 = -8. Suppose 2*c - f = 261. What is the units digit of c?
9
What is the hundreds digit of (-35)/(-105) + 34025/3?
3
What is the hundreds digit of 12/(-14) - (-99)/(3465/1878760)?
6
Let q(g) = g**2 + 4*g - 5. Let c(v) = -v + 1. Let i(l) = -6*c(l) - q(l). Let o be i(1). Suppose o = -2*k + k + 3*t + 56, 1 = -t. What is the units digit of k?
3
Suppose -2*j - 12 = 0, 10005 = 5*h - 2*j - 55572. What is the thousands digit of h?
3
Suppose -10*r + 2 + 8 = 0. Let k be 119/r + 0/(0 + 1). Let h = -41 + k. What is the tens digit of h?
7
Let o(x) = -668*x + 1026. What is the hundreds digit of o(-4)?
6
What is the hundreds digit of 2/(-6) + 0 - (-382761)/27?
1
Let o be -1*(0 - 2) + (0 - 3). What is the units digit of 20/20 - (84/o + -1)?
6
Suppose -4*w - 920 = 5*t, 5*w - 447 = 5*t + 473. Let b = 187 + t. What is the units digit of b?
3
Let d(t) = -596*t - 17. Let c(o) = o**3 - 10*o**2 + 7*o + 17. Let j be c(9). What is the tens digit of d(j)?
7
What is the hundreds digit of ((-19993)/(-2))/((-208)/(-32) - 6)?
9
Let y(j) = 656*j**2 - 124*j - 855. What is the tens digit of y(-10)?
8
Let l(j) be the first derivative of 7*j**2/2 + 10*j - 2. Let h(i) = 3*i**2 - 12*i - 5. Let p be h(5). What is the units digit of l(p)?
0
Let g = 60 - -21. Let h be (280/6 - 1)/((-13)/(-39)). Let j = h - g. What is the tens digit of j?
5
Suppose 0*s - 4*s = 3*q + 27, -24 = 3*s + q. Let r be 6/s - (-3)/(-9). Let j(t) = -114*t**3 + 2*t**2 + 3*t + 2. What is the hundreds digit of j(r)?
1
Let o = 164 - 125. Suppose 2*j - 4 = 0, 41*f - 58 = o*f + 3*j. What is the units digit of f?
2
Suppose 0 = 5*c - 98 - 22. Let h be -1 + -1 + -1 - c. Let f = 148 + h. What is the units digit of f?
1
What is the units digit of ((-44)/14 + 0)/((-234)/2242422)?
8
Let p = 23773 - 13193. What is the hundreds digit of p?
5
Suppose -5*s = 5*m - 8*s - 13, 0 = -2*m - 3*s + 22. Suppose -m*t + 13*t - 800 = 0. What is the hundreds digit of t?
1
Let p be 96/(-28) + 4 - 297/(-7). Suppose -p = 8*m + 37. Let c(k) = -11*k - 16. What is the tens digit of c(m)?
9
Let o be 1/1 + 20/5. Suppose 3*i + o*n - 6*n = 20, i - 4 = n. What is the units digit of i?
8
What is the ten thousands digit of ((-627)/(-5))/((-4)/(2040/(-3)))?
2
Let g be ((-5)/3)/(75/(-45)). What is the tens digit of 4808/(-24)*6*g/(-2)?
0
Let b(m) be the third derivative of m**5/20 - m**4/24 - 11*m**3/6 - 13*m**2. Let c be b(5). Suppose -c = -3*w + 7. What is the tens digit of w?
2
Let h(o) = -147*o**3 + o**2 + o. Let p be h(-1). Suppose 66*v - 63*v + p = 0. Let k = v + 87. What is the units digit of k?
8
Let o = 314 + -102. Suppose -356 - o = -3*p + q, 2*p + 2*q = 368. What is the hundreds digit of ((-4)/4 - 2) + p + -1?
1
Let d(n) = 3*n**2 + 3*n + 45. Let o be d(-13). What is the units digit of ((-8)/(-12))/(1032/o - 2)?
7
Suppose -o - 37 = z + 27, 124 = -2*o - 4*z. Let w = 381 + o. What is the hundreds digit of w?
3
Suppose 12*x - 900 = -j + 17*x, 3*j - 2748 = -x. Suppose 2*z - 51